 + 2*s + g = 0, 9*y + 11 = 4*y - s. Let u(x) = -62*x**3 - 3*x**2 - 3*x - 3. Is u(y) composite?
False
Let r = 30399 - 4106. Is r prime?
True
Let t = 1294 - -13893. Is t prime?
True
Let i(z) = -36*z - 95. Is i(-64) composite?
True
Is (-1574)/(((-6)/(-4))/3*-4) composite?
False
Let q(o) = 14*o - 6*o - 26 + 14*o + 39. Let w be q(18). Suppose w - 77 = 4*l. Is l a composite number?
False
Let p(q) = -9*q**3 + 3*q**2 - 2*q - 6. Is p(-2) prime?
False
Is 69935/50 - 6/(-20) prime?
True
Let u(c) be the second derivative of 109*c**3/2 + 3*c**2/2 - 3*c. Let w be u(5). Let o = w - 1085. Is o prime?
False
Let r = 26 - -185. Is r prime?
True
Suppose 273 = c - 5*j - 43, 320 = c - 3*j. Let z = c - 135. Is z composite?
False
Suppose -13142 = -10*g + 4628. Is g a prime number?
True
Suppose 16*j - 11*j - 1695 = 0. Suppose 2*i + i - j = 0. Is i a composite number?
False
Let c(b) = -100*b - 359. Is c(-45) a composite number?
True
Suppose 3*y - 2313 = -222. Is y prime?
False
Let n = 1338 - 519. Suppose -5*m + 2993 = l + n, 5*m = -2*l + 4348. Is l a composite number?
True
Let i be 2864/9 - (-6)/(-27). Let z = 519 - i. Is z a prime number?
False
Let z = -5032 - -7959. Is z composite?
False
Suppose o = -4*q - 836 + 2822, 0 = 4*q. Is (-4)/(-18) - o/(-54) composite?
False
Let r = -30 - -11. Let f = r + 50. Is f a prime number?
True
Let h(p) = -2 + 4*p - 2 - 3*p + 5. Let x(a) = 15*a - 16. Let j(c) = -5*h(c) + x(c). Is j(10) composite?
False
Suppose -12 = -3*u - 3*h, 4*u - 3 = -5*h + 15. Is (14 - -514) + (1 - u) + 0 a prime number?
False
Suppose 3*k + 696 = 6*k + 5*x, x = 0. Let r(s) = s**2 - s + 4. Let m be r(0). Suppose k = -m*q + 8*q. Is q prime?
False
Suppose 0 = 5*c - 3*t + 7*t - 133313, c + 3*t - 26667 = 0. Is c a composite number?
True
Suppose -10*k - 777 = -13*k. Suppose p - d - 313 = -78, -p - 5*d = -k. Is p composite?
False
Is (11/88*-4)/(1/(-20578)) prime?
True
Let c(f) = -f**3 - 6*f**2 - 6*f + 13. Suppose -4*s - h = 25, 3*s + h - 6 + 25 = 0. Is c(s) prime?
False
Let s(a) = -a - 2. Suppose -9 + 39 = -5*c. Let b be s(c). Suppose 2*p + 3*u = b*u + 378, -951 = -5*p + u. Is p prime?
True
Suppose 3*h - 4*j - 1810 = 19087, -j + 34790 = 5*h. Is h composite?
False
Let q = 5 + -17. Let y be q/2 - -3 - 178. Let d = 72 - y. Is d a composite number?
True
Is -3491*-4*1/4 a composite number?
False
Let m(n) = 11*n**2 + 56*n - 74. Is m(-35) a composite number?
True
Let b = 13 + -9. Suppose 3*y - 105 = -4*t, y - b*y + t + 105 = 0. Is y a composite number?
True
Let r(m) = -35*m**3 - 14*m**2 + 8*m - 32. Is r(-11) a prime number?
True
Suppose 2*x - 2*v - 2316 = 0, -5*v + 760 = -2*x + 3079. Is x composite?
True
Let l = -5 - -8. Let g be 7774/3 - l/9. Suppose -4*i + 3*h + g + 960 = 0, 5*i - 4440 = 5*h. Is i a composite number?
False
Let c(g) = -g**2 + g - 61. Let t be c(0). Let v = t - -396. Is v a composite number?
True
Suppose -4*q - 2*b - 28812 = 0, 2*q + 13216 = 4*b - 1200. Let r = 5083 + q. Let j = r - -3854. Is j a composite number?
False
Let s = -2223 + 4585. Is s a prime number?
False
Suppose a + 19960 = 5*m - 4*a, 4*m = 3*a + 15965. Is m prime?
True
Let q(w) = w**3 - 15*w**2 + 12*w + 17. Let r be q(12). Let f = r + 482. Is f a composite number?
False
Let v = -1450 - -4254. Suppose 4*t - 1250 = 2*n + v, -t + 4*n + 1031 = 0. Let h = t - 370. Is h composite?
False
Suppose -h = 3*l + 104, 4*h + 3*l = h - 294. Is (-5472)/h - 4/(-10) prime?
False
Let g be (-3)/(-6) + 3/6. Is 249/g + -1 + 3 composite?
False
Suppose -8*t + 31 = -9. Suppose 608 = 4*r + 3*x + x, -3*r = -t*x - 432. Is r composite?
False
Let l = 2 - -3. Let r(d) = -2 + l - 1 - 11*d. Is r(-7) a prime number?
True
Suppose 3*y - 4*p + p + 300 = 0, 3*y = 4*p - 302. Let g = -49 - y. Is g composite?
True
Suppose -5*c = 3*d - 1, 3*d - 2*c - c = 9. Suppose n + d*n - 2*t = 2959, 0 = -n - 3*t + 968. Is n a prime number?
True
Let a = 1366 + -528. Let b = a - 359. Is b composite?
False
Suppose a - 3*u = 0, u = -4*a + 3*u. Suppose 2*b - 2*f - 24 = 0, 46*f = -2*b + 50*f + 34. Suppose -b*t = -a*t - 2653. Is t prime?
True
Suppose 0*v + 558 = 3*v. Let a = v + -78. Let r = a + -41. Is r a composite number?
False
Let t = 18 + -16. Suppose t*c = 5*c + 3*g - 30, 0 = -2*c + g + 17. Suppose -2*l + 139 = 4*y + c, -5*l - 16 = -y. Is y composite?
False
Let z(w) = -w**2 - 9*w + 4. Suppose -3 = t - 0*t. Is z(t) composite?
True
Suppose 11 = 5*t + 1. Is t/15 + (-75730)/(-150) prime?
False
Let s = -17 - -17. Suppose 5*l - 1617 = -5*b + 2*l, s = b - 3*l - 309. Suppose -5*r - 2*u + 57 = -479, 3*r + u - b = 0. Is r composite?
True
Let h(l) = -12*l - 27. Let q be h(-2). Let d = -4393 - -6723. Is q/(-1)*d/10 a composite number?
True
Let c = 1597 - 1049. Suppose 5*p - 3*t - 547 = -0*p, -c = -5*p + 2*t. Suppose -2*z - p = -348. Is z composite?
True
Suppose 2*v + 52 = -2*m, -5*v - 110 = -3*m - 20. Let f be v/(-7) - (0 + 3). Suppose 2*g + 175 = 2*z + 3*g, 2*z - 3*g - 187 = f. Is z composite?
False
Let k(b) = b**3 + 8*b**2 - 8*b + 11. Let c be k(-9). Let j(q) = -36*q**3 + 3*q**2 - 2*q. Let i be j(c). Let f = 627 + i. Is f composite?
False
Let i(s) = 12*s**2 - s. Suppose 4*r = g + 32, -5*r - 4*g + 18 + 1 = 0. Is i(r) prime?
False
Let r = -9 + 13. Is (r - -123)*(3 - 2) a prime number?
True
Let d(h) be the third derivative of -h**6/120 - h**5/30 - h**4/8 - h**3/2 + 5*h**2. Let p be d(-2). Suppose 0 = p*v - 69. Is v a prime number?
True
Let s be 24/60 + (-26)/(-10). Suppose -202 = -s*p - 2*n + 123, 2*n + 438 = 4*p. Is p prime?
True
Suppose -5*h - 94005 = -5*p, 4*p = -4*h + h + 75232. Is p a composite number?
True
Let z = -21 - -9. Let n be (-210)/36 - (-2)/z. Is (1 + 3)*(-87)/n prime?
False
Is ((-23)/((-92)/8))/(8/44188) prime?
True
Let p(x) = 319*x - 7. Let o = -62 + 64. Is p(o) a composite number?
False
Suppose -b + 3*l = -350, 0*l + 1085 = 3*b - 2*l. Is b composite?
True
Suppose 0 = 3*v - 2*v. Suppose v = -3*a + a + 2098. Is a composite?
False
Suppose 910 + 446 = 3*f. Suppose -f = -4*v - 72. Is v prime?
False
Let s(f) = f - 21. Let x be s(9). Is -158*(-3)/x*-2 a composite number?
False
Let l(z) = z**3 + 33*z**2 + 17*z - 35. Is l(-32) composite?
True
Let u be 1 - (-3746 + -3 + 4/2). Suppose 8*f - 684 = u. Is f a prime number?
False
Suppose 4210 = f - d, -4*d - 1182 = -5*f + 19865. Is f composite?
True
Suppose -2*v + 1368 = 6*v. Suppose c - 15 = -91. Let i = v + c. Is i a composite number?
True
Let g = -39 + 66. Suppose g = 11*i - 2162. Is i a composite number?
False
Let y be (-4)/(-22) - (-678384)/44. Is y/22 - (-8)/44 a composite number?
False
Let t(v) = v**3 + 16*v**2 + 16*v + 11. Is t(-10) a prime number?
False
Let x = 25513 - 10826. Is x prime?
False
Let j = 133 - -216. Is -2 + (j + -4 - -4) prime?
True
Let l(o) = 13*o - 2. Let n be 34/(-119) - 18/(-14). Is l(n) composite?
False
Let x = -12 + 20. Suppose 2*s = 6*s + x. Is 1 - (s + 2*-24) composite?
True
Suppose 7*q = -8*q + 52395. Is q composite?
True
Let h(v) = -v**3 - 2*v**2 - v + 1087. Is h(0) a composite number?
False
Suppose 0*b - 2 = 2*c + 2*b, -5*b = 3*c + 7. Is ((2/5)/(-1))/(c/(-1315)) prime?
False
Suppose 0 = -4*u + x + 29614, -3*u + 5*u - 14812 = 3*x. Is u composite?
True
Let t(w) = -2*w - 6. Let z be t(-3). Suppose 1316 = 4*y - z*y. Is y a prime number?
False
Let a be 0*5/10*2. Suppose -5*w + 3389 = -a*m + 2*m, 3*w - 9 = 0. Is m a prime number?
False
Let a be (-1)/((-5)/5) - 9571. Let d = -3971 - a. Is d prime?
False
Let i(j) = 21*j**3 - 10*j**2 - 3*j - 13. Is i(7) prime?
True
Let u(k) = 6*k**2 + 2*k + 4. Let n be u(6). Let o(w) = -w**3 + 15*w**2 - 19*w + 16. Let q be o(13). Let z = q + n. Is z a composite number?
True
Suppose l + z = 99473, 3*z = 4*l - 292488 - 105376. Is l a prime number?
True
Suppose 148*k + 15010 = 158*k. Is k prime?
False
Let f(b) = 5*b**2 - 37*b + 5 - 22 + 48*b. Is f(-22) prime?
True
Let v = 64974 - 29663. Is v a prime number?
True
Let d(p) = p**2 - 19*p + 39. Is d(-22) composite?
False
Let h(f) = -223*f - 50. Is h(-7) a composite number?
False
Let c(s) = -1201*s + 18. Is c(-1) composite?
True
Suppose 2*s = -s - 3*c + 18, -5*s + 9 = -2*c. Suppose s = -3*r + 9. Suppose r*x = -6*g + 2*g + 1166, -2*x - 3*g + 1165 = 0. Is x a composite number?
True
Suppose -5*d = -2*i + 4209, 3*i + 193 = d + 6474. Suppose 0*k + x = -5*k + i, 5*x = -3*k + 1242. Is k composite?
False
Is (-2)/((